*u + 1283. Calculate the remainder when j is divided by 62.
7
Suppose -67*s + 31626 + 118290 = -296974. Calculate the remainder when s is divided by 12.
10
Let a(x) = -8*x + 42. Let h be a(5). Suppose -2*i - 5*v + 28 = -41, 84 = h*i + 2*v. What is the remainder when i is divided by -2 + 20 + 1*-2?
15
Let s be (-32)/10*345/(-46). What is the remainder when 94 is divided by ((-30)/30)/((-2)/s)?
10
Let y(u) = u - 18. Let p be y(14). Let r(n) = 4*n**2 + 11*n + 3. What is the remainder when 33 is divided by r(p)?
10
Suppose 3*f = 3*d + 6 + 33, 0 = 2*f - d - 21. Let o = -66 - -16. Let k = o - -53. What is the remainder when f is divided by k?
2
Suppose 119*r - 101*r = 54. Suppose -2*h - r*w + 497 = 0, -3*h = 6*w - w - 746. What is the remainder when h is divided by 50?
47
Let i(s) = -5*s**3 + 3*s**2 + 22*s + 129. What is the remainder when i(-4) is divided by 399?
10
Calculate the remainder when 477 is divided by -8 + -2 + 5 - (-4 + 5)*-29.
21
Suppose -50*f - 10317 - 25435 = -378*f. What is the remainder when 906 is divided by f?
34
Suppose -2*w = -3*c + 11, -4*c = 5*w + c - 35. Suppose 50 = w*n + 10. Let u = -509 - -586. Calculate the remainder when u is divided by n.
17
Calculate the remainder when ((-81)/(-3))/((-15)/(-20)) is divided by 17.
2
Let u(d) = 2*d**2 - 5*d - 7. Suppose 3*a = 33 - 75. Calculate the remainder when u(a) is divided by 38.
37
Suppose 9070 = -27*d + 9718. What is the remainder when 38 is divided by d?
14
Suppose 59 - 79 = -10*t. Suppose t*n + 6 - 4 = 0, -94 = -f + 5*n. Calculate the remainder when f is divided by 15.
14
Suppose -17*h - 8 = 111. Calculate the remainder when h/((-84)/4)*180 is divided by 3.
0
Suppose -2*p - 2 = 0, t - 15 = 5*p + 83. Let v be -9*(0 + -1)/3. Suppose 5*k = v*y - 28, -2*y = -5*k - 6 - 6. What is the remainder when t is divided by y?
13
Suppose -17*z - z + 7120 = -1268. What is the remainder when z is divided by 26?
24
Suppose 0*u - 428 = -4*u. Suppose -14*m - 1120 = -47*m + 101. Calculate the remainder when u is divided by m.
33
Suppose -9*q - 12 = -3. Let i be 53/q - 0/(6 - 0). Let c = i + 130. What is the remainder when c is divided by 16?
13
Let m(w) = 8*w + 1. Suppose 16 = -2*d - 5*x, 2*d + 3*x = -68 + 60. Calculate the remainder when m(1) is divided by d.
1
Suppose 0*x = 10*x - 11*x + 25. What is the remainder when 2874 is divided by x?
24
Let m(w) = -16*w + 10. Suppose 14*o + 3150 = 4*o. What is the remainder when m(-5) is divided by (-2)/(-4) + (o/(-14))/1?
21
Let t be 9 - (3/(-1) - (-9 - -6)). Let o be t - (-2 + -2)/(-1). Suppose 0 = 2*r + o*r - 98. What is the remainder when 41 is divided by r?
13
Let p(w) = -w**3 - 2*w**2 - 4*w - 4. Let j be (-2)/(-16) + (-9)/8. What is the remainder when ((-18)/(-63))/(j/(-161)) + 3 is divided by p(-3)?
15
Suppose -151*t - 205 = -43*t - 67*t. Suppose 0 = -4*m + 1 + 3. Calculate the remainder when 8 is divided by (m - (6 + t)) + 2 + 1.
2
Suppose 2202 = 4*j + 2*b - 4178, -6368 = -4*j - 5*b. Calculate the remainder when j is divided by 39.
37
Let h(a) = 3 + 271*a - 267*a + 9. Suppose 0*l = 3*l - 2*w - 7, 0 = -4*l + 5*w. Calculate the remainder when h(0) is divided by l.
2
Let n(l) = -l**2 + 2*l + 3. Let t be n(-1). Suppose -5*z + t*z = -170. Suppose -d = d - z. What is the remainder when 30 is divided by d?
13
Suppose -43 = -3*w - w + 5*g, 4*g = -5*w + 23. Calculate the remainder when 7/35 + (-1014)/(-30) + -2 is divided by w.
4
Suppose 5*d + 46 = n - 24, 0 = 5*n - 3*d - 394. What is the remainder when n is divided by 78?
2
Suppose -15 = -12*j + 9. Suppose -2*r - j*a + 66 = 0, 114 = 4*r - 4*a + 2*a. Let f = -9 - -17. Calculate the remainder when r is divided by f.
6
Let i(t) = -t**3 + 39*t**2 - 40*t + 256. What is the remainder when i(38) is divided by 13?
11
Let a = -123 + 111. Let j = 7 - 3. What is the remainder when j is divided by a/(-20) - 24/(-10)?
1
Suppose 29*j - 19602 = -116*j - 17*j. Calculate the remainder when 722 is divided by j.
117
Let h(j) = -32*j - 2411. What is the remainder when 77 is divided by h(-77)?
24
Let c(j) = 2*j**3 - 11*j**2 + 8*j + 198. Calculate the remainder when c(10) is divided by 197.
193
Let t(u) be the second derivative of -5*u**3/3 + 89*u**2/2 + 78*u. Calculate the remainder when t(4) is divided by 2.
1
Calculate the remainder when 57 is divided by 279/6 + 18/36.
10
Let v be 2/7 + (-2249)/(-91). Let r(y) = -3*y - 4. Let p be r(5). Let z = v - p. What is the remainder when z is divided by 12?
8
Let z(i) = -964*i**3 - 3*i**2 + i. What is the remainder when z(-1) is divided by 26?
24
What is the remainder when 2/(-3)*(-276354)/(-104)*-8 is divided by 105?
102
Let d = 13948 + -13897. Calculate the remainder when 165 is divided by d.
12
Let o = 422 + -368. What is the remainder when 72 is divided by o?
18
Let q(n) = -n - 16. Let y be q(-18). Let g(f) = 4*f - 17. Let k(i) = 5*i - 16. Let d(h) = -6*g(h) + 5*k(h). What is the remainder when 43 is divided by d(y)?
19
Suppose -144 = -434187*q + 434163*q. Suppose -3*m = -7*m + 204. Calculate the remainder when m is divided by q.
3
Let l be ((-40)/(-5) - 5) + 48/4. Suppose -24*y + 819 = -l*y. What is the remainder when y is divided by 48?
43
Let r(p) = -19*p - 49. Let d be r(10). Let j = 316 + d. What is the remainder when j is divided by 16?
13
Let i = 2893 + -2861. What is the remainder when 1434 is divided by i?
26
Let k(b) = b**2 + 11*b + 2. What is the remainder when 476 is divided by k(-16)?
66
Let v = -2755 - -2825. What is the remainder when v is divided by 12?
10
Let u(z) = 2*z**2 - 22*z - 699. What is the remainder when u(27) is divided by 83?
82
Let m = -58 - -58. Suppose 50 = 5*p - m*p. Let y = 80 + -51. Calculate the remainder when y is divided by p.
9
Suppose 8*l + 0*l = 128. Let q(a) = 19*a**2 + a - 3. What is the remainder when q(2) is divided by l?
11
Suppose -13*s = -8*s - 305. Let r = s - 59. Calculate the remainder when 1/4 - ((-717)/12 - r) is divided by 13.
10
Suppose 29*c - 27*c = -5*h + 9780, 3*h - 9*c - 5919 = 0. Calculate the remainder when h is divided by 14.
12
Suppose -94 = -2*c + 2*r, -38*r + 190 = 4*c - 43*r. Calculate the remainder when 443 is divided by c.
38
Let v be 1/3*0*11/55. Suppose -4*d = -16, -20*o + 19*o - 5*d + 79 = v. Calculate the remainder when 119 is divided by o.
1
Let c = 611 - 407. Suppose -1617*p + c = -1614*p. Calculate the remainder when p is divided by 36.
32
Let h = 59 + -19. Suppose -2*o - 5*w = -23, -16 = -554*o + 552*o + 2*w. What is the remainder when h is divided by o?
4
Let z be (3/(-6))/(2/212). Suppose -414 = -9*c + 558. Let d = c + z. What is the remainder when d is divided by 19?
17
Suppose 2*t + 5*t - 2660 = -12*t. What is the remainder when t is divided by 90?
50
Suppose 2*t = x - 218 + 243, 4*t + 3*x = 25. What is the remainder when 451 is divided by t?
1
Let r(y) = -4*y**2 + 3*y + 1. Let a be r(-1). Calculate the remainder when (-4)/a - (4 + (-316)/3) is divided by 39.
24
Suppose 0 = -w + 48 + 34. Let i(v) = v**2 + 49*v + 485. What is the remainder when w is divided by i(-36)?
14
Let k(q) = 5*q**3 + 172*q**2 + 50*q - 604. What is the remainder when 37671 is divided by k(-34)?
7
Suppose 3*j = -5*a + 2611 + 443, -6*a + 3669 = 3*j. What is the remainder when a is divided by 21?
6
Suppose u = -3*f + 7, 1 - 25 = -2*u + 4*f. What is the remainder when 655 is divided by u?
5
Let r(b) = 24*b - 10. Suppose -8 = -0*q + 4*q - 4*x, -2*q + 11 = 3*x. Let d be q - (-6 + (-4 - -7)). Calculate the remainder when r(d) is divided by 29.
28
Let m(p) = p**3 + 9*p**2 - 13*p - 7. Let l be m(-10). Let h = -14 + l. What is the remainder when 945/21 + (-1 + 0)*2 is divided by h?
7
Let v(s) = -3*s**3 - 6*s**2 + 2*s - 12 - 2*s**3 + 22 + 4*s**3. Let g be v(-6). Calculate the remainder when 73 is divided by 39/(-6)*-6 + g.
36
Let o(v) = 6*v**3 - 2*v**2 - v. Suppose -10*f + f + 355 = 13. Calculate the remainder when o(3) is divided by f.
27
Suppose 33*n - 287 = -56. Calculate the remainder when 167 is divided by n.
6
Let p(d) = -124*d**2 + 2*d + 5. Let o be p(2). Let c = -368 - o. Calculate the remainder when c is divided by 2.
1
Suppose -w + 4 = 0, -11 = -4*i - 5*w + 149. Calculate the remainder when 250 is divided by i.
5
Let y(j) be the third derivative of 3*j**5/20 - 17*j**4/24 - 17*j**3/6 + 193*j**2. What is the remainder when y(5) i